1985706232?
6452
Calculate the highest common divisor of 6975267 and 897.
39
Calculate the greatest common divisor of 117840768 and 32.
32
What is the highest common factor of 24636 and 11478?
6
What is the greatest common factor of 12 and 32109522?
6
Calculate the greatest common factor of 1008 and 43201368.
504
Calculate the greatest common factor of 215296015 and 220.
55
Calculate the greatest common factor of 197400830 and 110.
110
What is the highest common divisor of 1401 and 44049308?
467
Calculate the highest common divisor of 78920 and 59720.
40
What is the highest common divisor of 292 and 158767992?
292
Calculate the highest common divisor of 11828911 and 249.
83
Calculate the greatest common divisor of 58619 and 391061.
803
Calculate the highest common factor of 24997200 and 185.
185
What is the greatest common divisor of 1412 and 536089451?
353
Calculate the greatest common divisor of 71708 and 9758.
14
Calculate the highest common factor of 72 and 21894744.
24
Calculate the highest common factor of 83900 and 470900.
100
Calculate the greatest common factor of 23580 and 1017540.
180
What is the greatest common divisor of 18060 and 4092740?
860
Calculate the highest common divisor of 1602 and 174104826.
534
Calculate the greatest common factor of 74081 and 57589.
133
Calculate the highest common divisor of 700346 and 20342.
2906
Calculate the greatest common factor of 79 and 5738797.
79
What is the highest common factor of 1376921 and 546?
91
What is the greatest common factor of 362966031 and 153?
153
Calculate the highest common factor of 20984 and 8213.
43
Calculate the highest common factor of 7473 and 1841538.
159
Calculate the greatest common factor of 3940132 and 2569784.
3052
What is the highest common divisor of 507 and 186251?
13
What is the greatest common factor of 438573 and 1119?
3
What is the highest common divisor of 9203175 and 125?
25
Calculate the highest common factor of 1694 and 642054.
14
What is the greatest common factor of 2643 and 7808303?
881
Calculate the greatest common factor of 1203000 and 556989.
1203
Calculate the highest common divisor of 4305 and 1681820.
1435
Calculate the greatest common factor of 7290460 and 140.
20
Calculate the highest common divisor of 1035958 and 352.
22
What is the greatest common factor of 753198 and 3306?
114
Calculate the greatest common factor of 151485 and 317235.
15
What is the highest common divisor of 363410172 and 24?
12
What is the greatest common divisor of 248247 and 21051?
9
What is the greatest common factor of 576535455 and 45?
45
Calculate the greatest common divisor of 181056777 and 363.
363
What is the highest common divisor of 564 and 10672196?
188
What is the greatest common divisor of 7596749 and 97?
97
What is the greatest common divisor of 2353221 and 1495?
13
Calculate the highest common divisor of 24 and 3902604.
12
What is the highest common divisor of 1485 and 20019105?
45
Calculate the greatest common divisor of 61848 and 17928.
72
What is the greatest common factor of 963 and 1329482169?
963
What is the greatest common divisor of 14911815 and 1431?
159
What is the greatest common factor of 309 and 107679?
3
Calculate the highest common factor of 176857311 and 1893.
1893
What is the highest common factor of 66 and 2653044?
6
What is the greatest common factor of 3562 and 4881858?
274
Calculate the highest common factor of 14417727 and 261.
87
What is the highest common factor of 351780 and 1075800?
660
Calculate the highest common factor of 7026 and 4767.
3
What is the highest common factor of 291 and 511481?
97
Calculate the highest common factor of 393223 and 32437963.
5869
Calculate the highest common factor of 7800 and 662000.
200
Calculate the greatest common factor of 32 and 1949232800.
32
Calculate the greatest common divisor of 31784 and 4184.
8
What is the greatest common factor of 5416 and 300623204?
2708
What is the highest common divisor of 2295821834 and 3511?
3511
What is the highest common factor of 165653 and 1?
1
What is the greatest common divisor of 1090 and 40601410?
1090
What is the greatest common divisor of 56891977 and 74?
37
Calculate the highest common factor of 41545905 and 5353.
53
What is the greatest common factor of 23613370 and 352?
22
Calculate the highest common factor of 8968375 and 195.
65
Calculate the highest common factor of 32 and 846519136.
32
What is the highest common divisor of 1781402 and 2849962?
1406
What is the highest common divisor of 4257920 and 35600?
80
What is the greatest common factor of 6285461 and 65?
13
Calculate the greatest common factor of 840 and 3303312.
24
What is the highest common divisor of 5428115 and 15939?
1771
Calculate the greatest common divisor of 25555311 and 18053.
2579
Calculate the greatest common factor of 62042 and 1001006.
926
What is the highest common factor of 5636522 and 1786?
94
Calculate the greatest common divisor of 3064390 and 104860.
70
What is the highest common divisor of 12162260 and 21340?
220
What is the greatest common factor of 60494 and 14770?
14
Calculate the greatest common divisor of 95265270 and 270.
90
Calculate the highest common factor of 8427 and 389709.
159
What is the highest common factor of 209 and 1929081?
11
What is the greatest common divisor of 2052 and 1444684?
76
Calculate the highest common factor of 105362 and 758.
758
What is the highest common factor of 1223555 and 20?
5
What is the highest common factor of 52125 and 163500?
375
What is the highest common divisor of 6272026 and 1931365?
6547
Calculate the highest common factor of 4412132 and 19540.
3908
Calculate the highest common factor of 14073 and 96567.
3
Calculate the greatest common factor of 1765972 and 1612.
52
What is the greatest common factor of 77282740 and 120?
20
Calculate the highest common divisor of 2950 and 462442.
118
Calculate the greatest common factor of 8600958 and 3232.
202
Calculate the greatest common factor of 144 and 36499284.
36
What is the greatest common factor of 399083035 and 130?
65
Calculate the greatest common divisor of 148294 and 54.
2
Calculate the highest common divisor of 67592 and 7769.
17
Calculate the highest common factor of 377097 and 27363.
21
What is the greatest common factor of 15740 and 126375?
5
Calculate the highest common divisor of 26100112 and 96.
16
What is the highest common factor of 271432 and 5656?
56
What is the highest common factor of 434868 and 35742?
42
Calculate the highest common factor of 203 and 1357751.
29
What is the highest common divisor of 144 and 11265096?
24
Calculate the highest common divisor of 644643400 and 228.
76
What is the highest common factor of 13790907 and 45630?
1521
Calculate the greatest common factor of 60269327 and 257.
257
What is the greatest common divisor of 1178099186 and 22?
22
Calculate the highest common divisor of 147952 and 3816369.
1321
Calculate the highest common divisor of 3305099 and 1813.
1813
What is the highest common divisor of 671664 and 5328?
48
Calculate the greatest common divisor of 4707123 and 49377.
453
Calculate the greatest common factor of 448188 and 355407.
507
What is the greatest common divisor of 109084 and 396?
4
What is the greatest common divisor of 399987 and 14112?
441
Calculate the highest common factor of 1192 and 141103.
149
What is the highest common divisor of 30188160 and 256?
128
What is the highest common factor of 66 and 41204218?
22
Calculate the greatest common factor of 57198268 and 68.
68
Calculate the greatest common divisor of 101 and 2123929.
101
Calculate the greatest common factor of 30679844 and 130.
26
What is the highest common factor of 4889 and 1298034389?
4889
What is the highest common factor of 138 and 4199271?
69
Calculate the highest common factor of 106782928 and 16744.
1288
What is the greatest common factor of 34704 and 48790932?
2892
Calculate the highest common factor of 161105828 and 247.
13
Calculate the highest common factor of 11280 and 19149120.
240
What is the highest common factor of 22208280 and 80?
40
Calculate the highest common divisor of 510 and 4698745.
5
Calculate the greatest common factor of 114469 and 193483.
1013
What is the highest common factor of 1122 and 559042?
22
Calculate the highest